{"id":83,"date":"2025-11-14T12:06:28","date_gmt":"2025-11-14T16:06:28","guid":{"rendered":"https:\/\/kzt.net.br\/?page_id=83"},"modified":"2026-03-26T11:30:22","modified_gmt":"2026-03-26T15:30:22","slug":"pagina-inicial","status":"publish","type":"page","link":"https:\/\/kzt.net.br\/","title":{"rendered":"P\u00e1gina Inicial"},"content":{"rendered":"\n<div class=\"wp-block-cover alignfull is-light hestia-clear-top-padding\"><span aria-hidden=\"true\" class=\"wp-block-cover__background has-white-background-color has-background-dim-100 has-background-dim\"><\/span><div class=\"wp-block-cover__inner-container is-layout-flow wp-block-cover-is-layout-flow\">\n<h2 class=\"wp-block-heading has-text-align-center has-text-color\" style=\"color:#3c4858\">O que n\u00f3s acreditamos<\/h2>\n\n\n\n<div style=\"height:40px\" aria-hidden=\"true\" class=\"wp-block-spacer\"><\/div>\n\n\n\n<div class=\"wp-block-columns container is-layout-flex wp-container-core-columns-is-layout-28f84493 wp-block-columns-is-layout-flex\">\n<div class=\"wp-block-column is-layout-flow wp-block-column-is-layout-flow\"><div class=\"wp-block-image\">\n<figure class=\"aligncenter size-large\"><img decoding=\"async\" src=\"https:\/\/kzt.net.br\/wp-content\/themes\/hestia\/assets\/img\/feat1.png\" alt=\"\" class=\"wp-image-70\"\/><\/figure>\n<\/div>\n\n\n<h5 class=\"wp-block-heading has-text-align-center has-text-color\" style=\"color:#3c4858;font-size:18px\">Miss\u00e3o<\/h5>\n\n\n\n<p class=\"has-text-align-left has-text-color\" style=\"color:#999999;font-size:14px\">Fornecer assist\u00eancia personalizada em sa\u00fade, pautada na excel\u00eancia operacional, visando promover melhoria na qualidade de vida dos pacientes e de seus familiares, al\u00e9m de contribuir para o desenvolvimento pessoal e profissional de nossa equipe.\u00a0<\/p>\n\n\n\n<div style=\"height:25px\" aria-hidden=\"true\" class=\"wp-block-spacer\"><\/div>\n<\/div>\n\n\n\n<div class=\"wp-block-column is-layout-flow wp-block-column-is-layout-flow\"><div class=\"wp-block-image\">\n<figure class=\"aligncenter size-large\"><img decoding=\"async\" src=\"https:\/\/kzt.net.br\/wp-content\/themes\/hestia\/assets\/img\/feat2.png\" alt=\"\" class=\"wp-image-71\"\/><\/figure>\n<\/div>\n\n\n<h5 class=\"wp-block-heading has-text-align-center has-text-color\" style=\"color:#3c4858;font-size:18px\">Vis\u00e3o<\/h5>\n\n\n\n<p class=\"has-text-align-center has-text-color\" style=\"color:#999999;font-size:14px\">Consolidar a KZT como refer\u00eancia em Aten\u00e7\u00e3o Domiciliar, reconhecida pelo modelo assistencial de excel\u00eancia e pela inova\u00e7\u00e3o em gest\u00e3o<\/p>\n\n\n\n<div style=\"height:25px\" aria-hidden=\"true\" class=\"wp-block-spacer\"><\/div>\n<\/div>\n\n\n\n<div class=\"wp-block-column is-layout-flow wp-block-column-is-layout-flow\"><div class=\"wp-block-image\">\n<figure class=\"aligncenter size-large\"><img decoding=\"async\" src=\"https:\/\/kzt.net.br\/wp-content\/themes\/hestia\/assets\/img\/feat3.png\" alt=\"\" class=\"wp-image-72\"\/><\/figure>\n<\/div>\n\n\n<h5 class=\"wp-block-heading has-text-align-center has-text-color\" style=\"color:#3c4858;font-size:18px\">Valores<\/h5>\n\n\n\n<ul style=\"color:#999999;font-size:14px\" class=\"wp-block-list has-text-color\">\n<li>Integralidade no cuidado<\/li>\n\n\n\n<li>Respeito ao indiv\u00edduo<\/li>\n\n\n\n<li>Cortesia<\/li>\n\n\n\n<li>Melhoria cont\u00ednua<\/li>\n\n\n\n<li>Gest\u00e3o integrada<\/li>\n\n\n\n<li>Coopera\u00e7\u00e3o<\/li>\n<\/ul>\n\n\n\n<div style=\"height:25px\" aria-hidden=\"true\" class=\"wp-block-spacer\"><\/div>\n<\/div>\n<\/div>\n\n\n\n<div style=\"height:40px\" aria-hidden=\"true\" class=\"wp-block-spacer\"><\/div>\n<\/div><\/div>\n\n\n\n<div class=\"wp-block-columns container is-layout-flex wp-container-core-columns-is-layout-28f84493 wp-block-columns-is-layout-flex\">\n<div class=\"wp-block-column col-md-5 is-layout-flow wp-block-column-is-layout-flow\">\n<div style=\"height:55px\" aria-hidden=\"true\" class=\"wp-block-spacer\"><\/div>\n\n\n\n<h2 class=\"wp-block-heading\">Sobre a KZT<\/h2>\n\n\n\n<p>A KZT &#8211; Aten\u00e7\u00e3o M\u00e9dica Domiciliar \u00e9 refer\u00eancia em levar o melhor tratamento m\u00e9dico domiciliar e de toda equipe multiprofissional para sua casa. Somos o primeiro home care do estado do MS a ser acreditado pela seguran\u00e7a e qualidade do nossos servi\u00e7os.<\/p>\n\n\n\n<p>Quer saber mais sobre nossa hist\u00f3ria? <a href=\"https:\/\/kzt.net.br\/index.php\/sample-page\/\" data-type=\"page\" data-id=\"2\">Clique aqui!<\/a><\/p>\n<\/div>\n\n\n\n<div class=\"wp-block-column col-md-6 col-md-offset1 is-layout-flow wp-block-column-is-layout-flow\">\n<div style=\"height:55px\" aria-hidden=\"true\" class=\"wp-block-spacer\"><\/div>\n\n\n<div class=\"wp-block-image\">\n<figure class=\"aligncenter size-full is-resized\"><img loading=\"lazy\" decoding=\"async\" width=\"348\" height=\"377\" src=\"https:\/\/kzt.net.br\/wp-content\/uploads\/2025\/11\/nv3-2.png\" alt=\"\" class=\"wp-image-35\" style=\"width:194px;height:auto\" srcset=\"https:\/\/kzt.net.br\/wp-content\/uploads\/2025\/11\/nv3-2.png 348w, https:\/\/kzt.net.br\/wp-content\/uploads\/2025\/11\/nv3-2-277x300.png 277w\" sizes=\"auto, (max-width: 348px) 100vw, 348px\" \/><\/figure>\n<\/div>\n\n\n<p><\/p>\n<\/div>\n<\/div>\n\n\n\n<p><\/p>\n","protected":false},"excerpt":{"rendered":"<p>Sobre a KZT A KZT &#8211; Aten\u00e7\u00e3o M\u00e9dica Domiciliar \u00e9 refer\u00eancia em levar o melhor tratamento m\u00e9dico domiciliar e de toda equipe multiprofissional para sua casa. Somos o primeiro home care do estado do MS a ser acreditado pela seguran\u00e7a e qualidade do nossos servi\u00e7os. Quer saber mais sobre nossa [&hellip;]<\/p>\n","protected":false},"author":1,"featured_media":116,"parent":0,"menu_order":0,"comment_status":"closed","ping_status":"closed","template":"","meta":{"_themeisle_gutenberg_block_has_review":false,"footnotes":""},"class_list":["post-83","page","type-page","status-publish","has-post-thumbnail","hentry"],"_links":{"self":[{"href":"https:\/\/kzt.net.br\/index.php\/wp-json\/wp\/v2\/pages\/83","targetHints":{"allow":["GET"]}}],"collection":[{"href":"https:\/\/kzt.net.br\/index.php\/wp-json\/wp\/v2\/pages"}],"about":[{"href":"https:\/\/kzt.net.br\/index.php\/wp-json\/wp\/v2\/types\/page"}],"author":[{"embeddable":true,"href":"https:\/\/kzt.net.br\/index.php\/wp-json\/wp\/v2\/users\/1"}],"replies":[{"embeddable":true,"href":"https:\/\/kzt.net.br\/index.php\/wp-json\/wp\/v2\/comments?post=83"}],"version-history":[{"count":2,"href":"https:\/\/kzt.net.br\/index.php\/wp-json\/wp\/v2\/pages\/83\/revisions"}],"predecessor-version":[{"id":113,"href":"https:\/\/kzt.net.br\/index.php\/wp-json\/wp\/v2\/pages\/83\/revisions\/113"}],"wp:featuredmedia":[{"embeddable":true,"href":"https:\/\/kzt.net.br\/index.php\/wp-json\/wp\/v2\/media\/116"}],"wp:attachment":[{"href":"https:\/\/kzt.net.br\/index.php\/wp-json\/wp\/v2\/media?parent=83"}],"curies":[{"name":"wp","href":"https:\/\/api.w.org\/{rel}","templated":true}]}}